{"id":258,"date":"2018-01-22T10:17:40","date_gmt":"2018-01-22T14:17:40","guid":{"rendered":"http:\/\/ayuntamiento.o\/transparencia\/?page_id=258"},"modified":"2026-02-19T10:47:01","modified_gmt":"2026-02-19T14:47:01","slug":"responsable-de-acceso-a-la-informacion","status":"publish","type":"page","link":"https:\/\/juntadistritallaslagunas.gob.do\/transparencia\/responsable-de-acceso-a-la-informacion\/","title":{"rendered":"Responsable de Acceso a la Informaci\u00f3n"},"content":{"rendered":"<p class=\"paragraph ng-attr-widget\">\n<\/p><p class=\"paragraph ng-attr-widget\">Lic. Comunicaci\u00f3n Social, Instructor, Fot\u00f3grafo, Core\u00f3grafo, Pol\u00edtico, Animador, Premio Nacional Juventud<\/p>\n\n\n<figure class=\"wp-block-image size-large is-resized\"><img loading=\"lazy\" src=\"https:\/\/juntadistritallaslagunas.gob.do\/transparencia\/wp-content\/uploads\/2022\/04\/121038671_842749533130293_9218373105920863982_n-700x700.jpg\" alt=\"\" class=\"wp-image-369\" width=\"262\" height=\"262\" srcset=\"https:\/\/juntadistritallaslagunas.gob.do\/transparencia\/wp-content\/uploads\/2022\/04\/121038671_842749533130293_9218373105920863982_n-700x700.jpg 700w, https:\/\/juntadistritallaslagunas.gob.do\/transparencia\/wp-content\/uploads\/2022\/04\/121038671_842749533130293_9218373105920863982_n-250x250.jpg 250w, https:\/\/juntadistritallaslagunas.gob.do\/transparencia\/wp-content\/uploads\/2022\/04\/121038671_842749533130293_9218373105920863982_n-150x150.jpg 150w, https:\/\/juntadistritallaslagunas.gob.do\/transparencia\/wp-content\/uploads\/2022\/04\/121038671_842749533130293_9218373105920863982_n-768x768.jpg 768w, https:\/\/juntadistritallaslagunas.gob.do\/transparencia\/wp-content\/uploads\/2022\/04\/121038671_842749533130293_9218373105920863982_n-120x120.jpg 120w, https:\/\/juntadistritallaslagunas.gob.do\/transparencia\/wp-content\/uploads\/2022\/04\/121038671_842749533130293_9218373105920863982_n.jpg 853w\" sizes=\"(max-width: 262px) 100vw, 262px\" \/><figcaption>Lic. Gustavo Moscoso RAI Las Lagunas<\/figcaption><\/figure>\n\n\n\n<p>contacto <\/p>\n\n\n\n<p>cel. 8293342272<\/p>\n\n\n\n<p>Correo: gustavomoscoso7@hotmail.com<\/p>\n\n\n\n<p>Correo Institucional: jdistritodelaslagunas@gmail.com<\/p>\n\n\n","protected":false},"excerpt":{"rendered":"Lic. Comunicaci\u00f3n Social, Instructor, Fot\u00f3grafo, Core\u00f3grafo, Pol\u00edtico, Animador, Premio Nacional Juventud contacto cel. 8293342272 Correo: gustavomoscoso7@hotmail.com Correo Institucional: jdistritodelaslagunas@gmail.com","protected":false},"author":4,"featured_media":0,"parent":0,"menu_order":0,"comment_status":"closed","ping_status":"closed","template":"","meta":[],"acf":[],"_links":{"self":[{"href":"https:\/\/juntadistritallaslagunas.gob.do\/transparencia\/wp-json\/wp\/v2\/pages\/258"}],"collection":[{"href":"https:\/\/juntadistritallaslagunas.gob.do\/transparencia\/wp-json\/wp\/v2\/pages"}],"about":[{"href":"https:\/\/juntadistritallaslagunas.gob.do\/transparencia\/wp-json\/wp\/v2\/types\/page"}],"author":[{"embeddable":true,"href":"https:\/\/juntadistritallaslagunas.gob.do\/transparencia\/wp-json\/wp\/v2\/users\/4"}],"replies":[{"embeddable":true,"href":"https:\/\/juntadistritallaslagunas.gob.do\/transparencia\/wp-json\/wp\/v2\/comments?post=258"}],"version-history":[{"count":6,"href":"https:\/\/juntadistritallaslagunas.gob.do\/transparencia\/wp-json\/wp\/v2\/pages\/258\/revisions"}],"predecessor-version":[{"id":1548,"href":"https:\/\/juntadistritallaslagunas.gob.do\/transparencia\/wp-json\/wp\/v2\/pages\/258\/revisions\/1548"}],"wp:attachment":[{"href":"https:\/\/juntadistritallaslagunas.gob.do\/transparencia\/wp-json\/wp\/v2\/media?parent=258"}],"curies":[{"name":"wp","href":"https:\/\/api.w.org\/{rel}","templated":true}]}}

Responsable de Acceso a la Información

<p class="paragraph ng-attr-widget">
</p><p class="paragraph ng-attr-widget">Lic. Comunicación Social, Instructor, Fotógrafo, Coreógrafo, Político, Animador, Premio Nacional Juventud</p>


<figure class="wp-block-image size-large is-resized"><img loading="lazy" src="https://juntadistritallaslagunas.gob.do/transparencia/wp-content/uploads/2022/04/121038671_842749533130293_9218373105920863982_n-700x700.jpg" alt="" class="wp-image-369" width="262" height="262" srcset="https://juntadistritallaslagunas.gob.do/transparencia/wp-content/uploads/2022/04/121038671_842749533130293_9218373105920863982_n-700x700.jpg 700w, https://juntadistritallaslagunas.gob.do/transparencia/wp-content/uploads/2022/04/121038671_842749533130293_9218373105920863982_n-250x250.jpg 250w, https://juntadistritallaslagunas.gob.do/transparencia/wp-content/uploads/2022/04/121038671_842749533130293_9218373105920863982_n-150x150.jpg 150w, https://juntadistritallaslagunas.gob.do/transparencia/wp-content/uploads/2022/04/121038671_842749533130293_9218373105920863982_n-768x768.jpg 768w, https://juntadistritallaslagunas.gob.do/transparencia/wp-content/uploads/2022/04/121038671_842749533130293_9218373105920863982_n-120x120.jpg 120w, https://juntadistritallaslagunas.gob.do/transparencia/wp-content/uploads/2022/04/121038671_842749533130293_9218373105920863982_n.jpg 853w" sizes="(max-width: 262px) 100vw, 262px" /><figcaption>Lic. Gustavo Moscoso RAI Las Lagunas</figcaption></figure>



<p>contacto </p>



<p>cel. 8293342272</p>



<p>Correo: gustavomoscoso7@hotmail.com</p>



<p>Correo Institucional: jdistritodelaslagunas@gmail.com</p>

Lic. Comunicación Social, Instructor, Fotógrafo, Coreógrafo, Político, Animador, Premio Nacional Juventud contacto cel. 8293342272 Correo: gustavomoscoso7@hotmail.com Correo Institucional: jdistritodelaslagunas@gmail.com
