{"id":78,"date":"2017-12-12T11:24:21","date_gmt":"2017-12-12T15:24:21","guid":{"rendered":"http:\/\/ayuntamiento.guineo\/transparencia\/?page_id=78"},"modified":"2022-04-04T11:23:00","modified_gmt":"2022-04-04T15:23:00","slug":"definicion-oaim-oficina-de-acceso-a-la-informacion-municipal","status":"publish","type":"page","link":"https:\/\/juntadistritallaslagunas.gob.do\/transparencia\/definicion-oaim-oficina-de-acceso-a-la-informacion-municipal\/","title":{"rendered":"Definici\u00f3n OAIM (Oficina de Acceso a la Informaci\u00f3n Municipal)"},"content":{"rendered":"<p data-wahfont=\"13\">Oficina de Libre Acceso a la Informaci\u00f3n (OAI), es un mandato de la Ley General de Libre Acceso a la Informaci\u00f3n P\u00fablica No. 200-04 y el Decreto No. 130-05 que crea el reglamento de dicha Ley, con el objetivo de apoyar a entidades y personas tanto P\u00fablicas como privadas mediante las informaciones solicitadas.<\/p>\n<p data-wahfont=\"13\"><strong>Visi\u00f3n<\/strong><\/p>\n<p data-wahfont=\"13\">Garantizar el libre acceso a la informaci\u00f3n y estimular la transparencia en las ejecutorias del Ministerio de Econom\u00eda, Planificaci\u00f3n y Desarrollo (Mepyd), a trav\u00e9s de una prestaci\u00f3n de servicio permanente y actualizado que persigue facilitar\u00a0 a los ciudadanos y ciudadanas las informaciones que dan cuenta del manejo que damos a los recursos que\u00a0 nos proporciona el Estado Dominicano.<\/p>\n<p data-wahfont=\"13\"><strong>Misi\u00f3n<\/strong><\/p>\n<p data-wahfont=\"13\">Garantizar el acceso de los usuarios a la informaci\u00f3n sobre la gesti\u00f3n del Mepyd como una forma de validar la transparencia de la instituci\u00f3n.<\/p>\n<p data-wahfont=\"13\"><strong>Definici\u00f3n\u00a0 RAI<\/strong><\/p>\n<p data-wahfont=\"13\">Es el responsable\u00a0 de Acceso a la Informaci\u00f3n, es el responsable de tramitar y facilitar las informaciones requeridas de ser el canal de comunicaci\u00f3n entre la instituci\u00f3n, ciudadanos y ciudadanas.<\/p>\n","protected":false},"excerpt":{"rendered":"Oficina de Libre Acceso a la Informaci\u00f3n (OAI), es un mandato de la Ley General de Libre Acceso a la Informaci\u00f3n P\u00fablica No. 200-04 y el Decreto No. 130-05 que crea el reglamento de dicha Ley, con el objetivo de apoyar a entidades y personas tanto P\u00fablicas como privadas mediante las informaciones solicitadas. Visi\u00f3n Garantizar&#8230;","protected":false},"author":4,"featured_media":0,"parent":0,"menu_order":0,"comment_status":"closed","ping_status":"closed","template":"","meta":[],"acf":[],"_links":{"self":[{"href":"https:\/\/juntadistritallaslagunas.gob.do\/transparencia\/wp-json\/wp\/v2\/pages\/78"}],"collection":[{"href":"https:\/\/juntadistritallaslagunas.gob.do\/transparencia\/wp-json\/wp\/v2\/pages"}],"about":[{"href":"https:\/\/juntadistritallaslagunas.gob.do\/transparencia\/wp-json\/wp\/v2\/types\/page"}],"author":[{"embeddable":true,"href":"https:\/\/juntadistritallaslagunas.gob.do\/transparencia\/wp-json\/wp\/v2\/users\/4"}],"replies":[{"embeddable":true,"href":"https:\/\/juntadistritallaslagunas.gob.do\/transparencia\/wp-json\/wp\/v2\/comments?post=78"}],"version-history":[{"count":4,"href":"https:\/\/juntadistritallaslagunas.gob.do\/transparencia\/wp-json\/wp\/v2\/pages\/78\/revisions"}],"predecessor-version":[{"id":376,"href":"https:\/\/juntadistritallaslagunas.gob.do\/transparencia\/wp-json\/wp\/v2\/pages\/78\/revisions\/376"}],"wp:attachment":[{"href":"https:\/\/juntadistritallaslagunas.gob.do\/transparencia\/wp-json\/wp\/v2\/media?parent=78"}],"curies":[{"name":"wp","href":"https:\/\/api.w.org\/{rel}","templated":true}]}}